List the prime factors of 6 - (2 - -6) - -2499.
11, 227
Suppose 206*m = 208*m - 4. Suppose 6*t - m*x - 4587 = t, -5*t + 4*x + 4589 = 0. What are the prime factors of t?
7, 131
Suppose -4*i - 716 = -c, 10*c = 5*c. Let s = 208 + i. What are the prime factors of s?
29
Let b(p) = 12*p + 84. Let s be b(-7). Suppose 11*m - 3*m - 840 = s. What are the prime factors of m?
3, 5, 7
Suppose -3*a + 35 = -1. Suppose -a = 4*s, 7*s - 4*s + 10 = p. List the prime factors of ((-20826)/12)/(-13) + p/2.
2, 67
Suppose 118*f - 274*f = -3228576. What are the prime factors of f?
2, 13, 199
Suppose -2*q - 2*j = 2, -5*q - 4*j = -0*q + 10. Let s be (q/15)/((-1)/15). What are the prime factors of 328/s + 2/6?
5, 11
Let t(w) = 2*w**3 - 6*w**2 - w - 3. Let a be t(4). Suppose 4*n = -4*h - h + 1041, 0 = -5*h + a. List the prime factors of n.
2, 127
Let o(t) = 3*t**3 + 5*t**2 - 6*t - 2. Let q be ((-3 - -3) + 3)*2. Let g be o(q). What are the prime factors of 1/(3 + g/(-265))?
53
Let b(a) = 22*a + 25*a - 79*a - 22 + 28*a. Let k be b(-6). Suppose 63 = k*d - 249. What are the prime factors of d?
2, 3, 13
Let j = -261 + 815. Let p = j + 341. What are the prime factors of p?
5, 179
Let g = -25 - -19. Let v = 252 + -246. What are the prime factors of (-315)/g - (-3)/v?
53
Let i = 14308 - 11866. What are the prime factors of i?
2, 3, 11, 37
Suppose 6*g - 192726 = -2*g - g. List the prime factors of g.
2, 3, 43, 83
Suppose 3*n - 3*j = -j + 5, -20 = -5*n + j. Suppose -2*o + n*i = o - 243, 3*i = 0. What are the prime factors of o/((-1)/5 - 6/(-5))?
3
Let b(r) = r**3 + 17*r**2 + 2*r + 10. Let n be b(-17). Let t = n + 35. List the prime factors of (t/(-33))/(2/(-120)).
2, 5
Let q(u) = 3*u**2 + 9*u - 21. Let k be q(-5). Suppose 0 = -3*o + 5*b + 3062, 3*o + k*b - 11*b - 3077 = 0. What are the prime factors of o?
3, 7
What are the prime factors of (-6)/81 - (-118491020)/2295?
2, 3, 5, 1721
Let s = 150 + -68. Let n = s - 75. Let p = 20 + n. List the prime factors of p.
3
Let v = 31310 + -10014. What are the prime factors of v?
2, 11
Let a be 3*(10/(-5) + 3). Suppose 7 = a*i + 34. Let r(y) = -y**3 - 8*y**2 + 6*y + 5. What are the prime factors of r(i)?
2
Let p = 75744 + -24763. What are the prime factors of p?
7, 7283
Suppose -8*s + 316 = -11*s - 2*n, -s = -n + 112. What are the prime factors of (-15930)/s - (-1)/2?
2, 37
Let y(w) = 4*w**2 + 8*w + 7189. List the prime factors of y(0).
7, 13, 79
Suppose -613 = 3*w + 12*z - 7*z, 227 = -w + 4*z. Let j = 441 + w. List the prime factors of j.
2, 5, 23
Let r = -10973 - -25886. List the prime factors of r.
3, 1657
Let r(h) = 1267*h**2 + 76*h + 158. List the prime factors of r(-2).
2, 43, 59
Let z = -545 - -543. What are the prime factors of 9/z*23800/(-204)?
3, 5, 7
Let d(k) = -k**2 - k - 38. Let w be d(0). Suppose 82*c - 97*c + 42*c = 108. What are the prime factors of c/w + 57184/304?
2, 47
Suppose -g = 5*m + 12 - 84, 0 = -g - 2*m + 66. Suppose -5*p + g + 118 = 0. Suppose -n + p - 14 = x, -12 = -3*n. List the prime factors of x.
2, 3
List the prime factors of 45/25*(3595 + 0/(-2)).
3, 719
Suppose -489142 + 7936596 = 106*d. What are the prime factors of d?
7, 10037
What are the prime factors of (-23)/(2 - (5224/(-872) + 8))?
23, 109
Suppose 13866 = 4*c + 4*l - 6518, -3*l = -4*c + 20356. List the prime factors of c.
2, 19, 67
Suppose -5*q = o - 7109, -12536 = -2*o - 5*q + 1702. Suppose -13*h + o = -4025. List the prime factors of h.
2, 3, 11, 13
Suppose -3*f - 604 = -5*p, -f + p = 164 + 40. Let n = 758 - f. List the prime factors of n.
2, 3, 7, 23
Let m = 209 + -214. Let h(z) = -45*z - 30. What are the prime factors of h(m)?
3, 5, 13
Suppose 0 = 7*q - 377 - 78. Suppose 24*d - 23*d = -q. List the prime factors of -3 + (-13)/(d/210).
3, 13
Let b be ((-14)/6)/7*-9. Suppose -m = -r + 2, b*r + 5*m - 26 = 2*r. Suppose -r*a + 4 = -428. What are the prime factors of a?
2, 3
Let i(b) = 9*b**2 - 135*b + 14. Let t be i(38). Suppose -152*f = -160*f + t. What are the prime factors of f?
5, 197
Let m = -10489 - -25450. List the prime factors of m.
3, 4987
Suppose -9800 = -4*f + 6164. List the prime factors of f.
13, 307
Suppose 857 = -3*s + 2642. Suppose -5*q = -2*i + 29, -5*i + 4*q = -0*q - 98. Suppose s - i = 3*b. What are the prime factors of b?
191
Suppose 13974 = 4*g - 2*v, 7*v = 5*g + 9*v - 17490. What are the prime factors of g?
2, 19, 23
Let h = 163 + -159. Suppose 0 = -3*y + h*t + 3074, 4*y + 0*t - 5*t - 4100 = 0. What are the prime factors of y?
2, 5, 103
Let t = -809 + 819. What are the prime factors of 210/28*664/t?
2, 3, 83
Let i(d) = 77*d**2 + 4*d - 7*d + 7*d + 2 + 0 + 2*d. What are the prime factors of i(3)?
23, 31
Suppose 0 = 5*u - 4 + 19, -2*u - 3724 = -2*r. Let f = r - 638. List the prime factors of f.
3, 11, 37
Suppose -2*o + 163 = 159. Let z(p) = 885*p + 55. List the prime factors of z(o).
5, 73
Let s(i) = -i**3 - 8*i**2 - 9*i - 10. Let d be s(-7). Suppose 5*w - 491 = 4*h, 3*w - d*w + 103 = 4*h. What are the prime factors of w?
3, 11
Let f = 124132 + -88516. What are the prime factors of f?
2, 3, 7, 53
List the prime factors of 3969/(-324)*(1/(-4) + 315/(-20)).
2, 7
Let y(w) = w**3 + 6*w**2 - w - 22. Suppose 0 = -o - 0 + 5. List the prime factors of y(o).
2, 31
Suppose -274 = -2*u + t - 5*t, 5*u + t = 685. Suppose -8*m - u = -5297. What are the prime factors of m?
3, 5, 43
Let y(v) = 438*v**2 - 7*v - 5. Let b(u) = -4*u**2 + 71*u + 16. Let a be b(18). List the prime factors of y(a).
3, 587
Let s = 357 - -68. Let d(w) = 17*w**2 - w - 2. Let r be d(-2). Suppose -s = -4*p - l, 4*l = p - 51 - r. What are the prime factors of p?
107
Suppose -13628*p - 508416 = -13652*p. List the prime factors of p.
2, 331
List the prime factors of 5028980/(-440)*(2 - 1/1)*-2.
22859
Let b = -26 - -33. Let t(s) = s - 41. Let l be t(b). List the prime factors of ((-98)/4)/(17/l).
7
Let s be 11484/16 + 4/16. Suppose -3*t = 5*k - 2180 + 70, t - s = 2*k. What are the prime factors of t?
2, 5, 71
Let y(k) = k**3 + 11*k**2 - 15*k + 3. Suppose -74 + 38 = 3*p. Let c be y(p). Let v = c + 19. List the prime factors of v.
2, 29
Let z be -5 - (8/44 + 57/(-11)). Suppose z = 135*g - 129*g - 6216. What are the prime factors of g?
2, 7, 37
Suppose -2*y - 8916 = -5*p + 20932, -5*y = p - 5948. What are the prime factors of p?
2, 373
Suppose 17*o - 10080 = -11*o. Let x = -5 + 5. Suppose -4*h - h + o = x. What are the prime factors of h?
2, 3
Let n be (4/12*4)/((-1)/(-3)). Suppose -863 = -4*g - 3*r, 0*r = g - n*r - 230. Let x = -123 + g. What are the prime factors of x?
5, 19
Suppose p - 75 = 4*c, -11 = 2*c - 1. Let j be 21 + -18 - (1 + -2 - 3). Suppose p = 3*o + j. What are the prime factors of o?
2
Let h(b) = 2096*b + 601. List the prime factors of h(18).
38329
Suppose -7432 = -5*r + 64223. Suppose -11*c + 28*c = r. What are the prime factors of c?
3, 281
Suppose 184*g - 187*g + 113184 = 0. List the prime factors of g.
2, 3, 131
Let j(f) = -12*f**2 + 18*f**2 - 7*f**2 + 33*f + 53. List the prime factors of j(23).
283
Suppose 18 = -3*l + 3*r, -5*r = -9*l + 11*l + 40. Let g(u) = u**3 + 24*u**2 + 10*u - 64. List the prime factors of g(l).
2, 3, 103
Suppose 14*h = 16*h + 20. Let s be (26/h)/(10/(-50)). Suppose y - 28 + s = 0. What are the prime factors of y?
3, 5
Let d = 86 + -84. Suppose -2*r - d*r + 20 = 0. Suppose 0 = 4*n + r*a - 331, -4*a + 71 - 296 = -3*n. What are the prime factors of n?
79
Let u(b) = -48*b + b + 9*b + 67 - 29*b. What are the prime factors of u(-22)?
23, 67
Let w = 9829 - 5775. List the prime factors of w.
2, 2027
Let m(a) = -483*a + 2349. What are the prime factors of m(0)?
3, 29
Let c(s) = -48*s**2 + 11180. What are the prime factors of c(0)?
2, 5, 13, 43
Let h(v) = 649*v - 7341. What are the prime factors of h(12)?
3, 149
Let p(n) = n**2 + 2*n + 366. Let y be p(0). Suppose -2*b + y = -462. What are the prime factors of b?
2, 3, 23
Suppose 2*z = r - 1206, -3*r + 0*r = z - 3653. Let x = r - 322. List the prime factors of x.
2, 3, 149
Let b(x) be the second derivative of 1/20*x**5 - 5/2*x**2 - 1/3*x**3 + 29*x - 1/3*x**4 + 0. What are the prime factors of b(7)?
2
Suppose -g - 9 = -8. What are the prime factors of 429 + g - (64 - 64)?
2, 107
Let u = -32767 + 48331. What are the prime factors of u?
2, 3, 1297
Let l be (-24)/(-16) - (-345)/(-10). Let s = 190 + l. Li